) = -6*t + 1. Let o(b) = 1. Let r(j) = j**2 + 7*j + 5. Let m be r(-6). Let s(q) = m*c(q) - 2*o(q). Give s(2).
9
Let m(n) be the second derivative of -n**5/20 - n**4/12 + n**3/2 + n**2 - 3*n. Give m(-2).
0
Let r(h) = h**2 + 2*h + 2. Suppose 0 = -4*t + 1 - 5. Let a = -2 + t. Give r(a).
5
Let q(w) = -3*w - 4. Let s(x) = -x - 1. Let l(z) = -q(z) + 2*s(z). Calculate l(-7).
-5
Let s(y) = y**2 - 3*y + 3. Let q(x) = x**2 + 7*x + 6. Let g be q(-8). Let j = g + -3. Let r = j + -8. What is s(r)?
3
Let s(j) be the first derivative of -j**2/2 + 4*j + 20. What is s(4)?
0
Let y(m) = 2*m - 7. Let f(u) = -u**3 + 6*u**2 - 7*u - 3. Let l be f(4). Let b(s) = -s**2 + 5*s + 10. Let c be b(7). Let i be ((-6)/c)/(l/4). What is y(i)?
5
Let f(g) = g**2 - 9*g + 7. Let l be f(8). Let k = l + -1. Let h(n) = -2*n - 3. Let y(w) = -2*w - 3. Let x(z) = 3*h(z) - 4*y(z). Determine x(k).
-1
Suppose 7*n = 3*n - 12. Let t(o) = 9*o - 2. Let y(z) = -14*z + 3. Let f(p) = -8*t(p) - 5*y(p). Calculate f(n).
7
Let q(s) = -s**3 - 2*s**2 + 5*s + 3. Suppose -9*c - 38 + 11 = 0. Determine q(c).
-3
Let o(p) = -p**3 + p + 2. Let b(s) = 7*s**3 - 6*s - 12. Let n(x) = -b(x) - 6*o(x). What is n(-1)?
1
Let y = 4 + 11. Let k be (-1)/(-5) + 237/y. Let i(x) = -k + 3*x + 16. Give i(2).
6
Let n be (2 + -2)/(0 + -1). Let k(u) = -12*u + 11*u + 0*u + 12. Determine k(n).
12
Let z(m) be the third derivative of m**4/24 + m**3/3 - 10*m**2. Calculate z(-3).
-1
Let o(l) = -2 + 0 + 1 + 4*l. Let s(w) = w - 1. Let n(y) = 5*y. Let v(r) = 2*n(r) + 2*s(r). Let q(t) = -11*o(t) + 4*v(t). Calculate q(-3).
-9
Suppose 4*g = -4*u + 28, g + 23 = 4*u + 4*g. Let h(s) = -s + 4. Give h(u).
2
Let y(l) = l**3 + 4*l**2 - l + 5. Let n = 3 + -7. What is y(n)?
9
Let l(u) = -u**3 - 6*u**2 + 5*u - 8. Let b be l(-7). Let a(s) = -3 - 4 - s + 4 + b. What is a(3)?
0
Suppose w - 10 = -w. Let k(y) = 4 + 0 + 2*y + 2 - w. Let p(v) = -v - 8. Let t be p(-6). What is k(t)?
-3
Let w(u) = -u. Let t(a) = 2*a + 1. Let z(i) = t(i) + 3*w(i). What is z(-3)?
4
Let d(q) = q**2 - 5*q - 3. Let c(m) = -m**3 + 2*m**2 + 11*m - 7. Let k be c(4). Determine d(k).
-3
Let l(d) = -4 - 3*d**2 - 4*d**3 + 9*d**3 - 3*d - 2*d**3 - 2*d**3. Determine l(4).
0
Let f(o) = -o**3 - 2*o**2 + 4*o - 5. Let t(n) = -4*n**3 - 6*n**2 + 12*n - 16. Let z(x) = 7*f(x) - 2*t(x). What is z(2)?
5
Let t(v) = -v**3 - 4*v**2 + 5*v - 4. Let p = -14 - -9. Determine t(p).
-4
Let z(p) be the third derivative of p**4/24 + 4*p**3/3 + 28*p**2. Give z(7).
15
Suppose 4*h - 11 = -0*q - 3*q, 3*h - 3*q - 3 = 0. Let s(p) = -2*p + 3. Determine s(h).
-1
Let o(m) be the first derivative of -m**3 + 3*m**2/2 + 3*m + 7. Determine o(3).
-15
Let a = -16 - -6. Let j = a + 11. Let o(y) = -3*y**2 - 2*y + 1. Give o(j).
-4
Let h = 13 - 12. Let w(z) = z + 0 - h + 2*z + 0*z. What is w(-2)?
-7
Let w(k) be the first derivative of -4*k**3 - k**2/2 + k - 4. Determine w(1).
-12
Let k(j) = j**2 - 6*j + 4. Suppose 10 + 2 = 4*z. Suppose h - z*h + 10 = 0. Let o be k(h). Let x(y) = -3*y**2 - y. Determine x(o).
-2
Let f(b) be the third derivative of b**6/60 - b**5/30 - b**4/24 - b**3/3 + 18*b**2. What is f(2)?
4
Let p be -1 + (-8)/(-3 + 1). Let r(a) = -a**p + 1 + a - 1 - 4 + 3*a**2. Let d = -140 - -143. Calculate r(d).
-1
Let d(i) be the second derivative of i**5/20 - i**4/4 + i**3/6 - 3*i**2/2 - 2*i. Let q be 22/99 - 266/(-18). Suppose -t + q = 4*t. What is d(t)?
0
Let b be (7 + -1 - 0)/1. Suppose 11 = q - 0*t + t, 3*t - 27 = -2*q. Let y(p) = b - p**2 + 2*p**2 - q*p - p. Give y(4).
-6
Let b = 107 + -100. Let v(h) = -5*h + 7. Determine v(b).
-28
Let o(q) = q**2 + 5*q - 1. Let d(z) = z - 16. Let c be d(10). Let b = c - -2. What is o(b)?
-5
Let p(s) = s**3 + 3*s**2 - 4*s. Let b be p(-4). Suppose -3*j + 28 + 0 = 4*k, 2*k + 4 = b. Suppose j = -5*v - 3. Let y(d) = d**3 + 4*d**2 + 3*d - 1. Give y(v).
-1
Let z be (3/(-9))/((-1)/9). Let q(y) = -y**2 + 2*y + 7. Let v(l) = -l**2 + l + 6. Let a(s) = -2*q(s) + 3*v(s). What is a(z)?
-8
Suppose 16 = 5*z - z. Let u(w) = w - 1. Determine u(z).
3
Let u = 5 - 10. Let r(k) = -k - 3. Let l be r(u). Let f(t) = -t**3 - t**2 + 2*t. Determine f(l).
-8
Let f(p) be the first derivative of p**4/4 + 14*p**3/3 + 5*p - 6. Let q be f(-14). Let b(h) be the first derivative of -h**2 + 3*h - 1. Give b(q).
-7
Let g(t) = -t + 3. Let m(d) = -d + 3. Let b(k) = -4*g(k) + 3*m(k). Suppose -19 = 4*j - 7. Determine b(j).
-6
Let o(m) be the second derivative of m**4/12 - 7*m**3/6 + 7*m**2/2 + 26*m. Give o(5).
-3
Let y(c) = c - 2. Let s = 73 - 69. Give y(s).
2
Let p(v) be the second derivative of v**6/360 - v**5/30 + 5*v**4/24 - v**3/6 - v. Let a(s) be the second derivative of p(s). Determine a(4).
5
Let g(h) = h**2 + 6*h + 4. Suppose -3*w - 7 - 8 = 0. Determine g(w).
-1
Let u(q) = -q**2 + 3*q + 4. Suppose 0 = 4*h + 4*j - 16, 3*h - j = 5*h - 7. What is u(h)?
4
Let j(m) = 4*m + 34. Let q be j(-7). Let i(d) = -d + 14. Determine i(q).
8
Let h = 5 + -3. Let y(o) = -o + h*o + 1 + o**2 + o - 4*o**2 + o**3. Determine y(3).
7
Suppose 8*y + 18 = 5*y. Let m(k) = k**3 + 7*k**2 + 7*k - 7. Give m(y).
-13
Suppose -2*h + 3*a = -4*h, -2*h = -2*a. Suppose h*t = t + 1. Let r(x) = 2*x - 1. Calculate r(t).
-3
Let q(l) = 3*l - 4. Suppose 8*z = 73 - 25. Determine q(z).
14
Suppose -16 = 2*u + 5*w, -4*w = -4*u + 3 + 21. Let g(y) = -3*y + 1. Determine g(u).
-5
Let o(i) = -2*i**3 - 4*i**2 + 2*i - 5. Let t(w) = 10*w**2 - 5*w**2 + 0 - 2*w + 6 + 2*w**3. Let z be -1 - 6/(3 - 4). Let n(x) = z*o(x) + 4*t(x). Calculate n(1).
-1
Let c(d) be the second derivative of -d**4/12 + d**3/2 + d**2 - 2*d. Suppose 4*h - 3*i - 6 = 0, -4*h + 5*i + 4 = 2. Calculate c(h).
2
Let y(u) = -2*u**3 - 3*u - 4*u**2 + 11*u**2 - u**3 + 2*u**3 + 8. What is y(7)?
-13
Let k be (12/(-2))/((-22)/(-55)). Let o = -12 - k. Let x(j) = 4*j + 3. What is x(o)?
15
Let m = 25 + -7. Suppose f - 5*u + 37 = 0, u + 7 = -2*f - 12. Let j = f + m. Let o(b) = b**2 - 6*b. Calculate o(j).
0
Let h(b) be the first derivative of -b**3/3 + 7*b**2/2 + 6*b + 6. Give h(7).
6
Suppose 2*s + 2*s - 80 = 0. Suppose -f - 4*f = -s. Let j(n) = -n**2 + 7*n - 5. Calculate j(f).
7
Let i(l) = -2*l**2 + 4*l - 3. Let s(h) = 5*h - 1. Let d be s(2). Let v(x) = x**2 - 10*x + 11. Let r be v(d). Calculate i(r).
-3
Suppose -6*w = 21 + 9. Let u(c) = -c**2 - 4. Let z(g) = g**2 - g + 4. Let d(v) = w*z(v) - 6*u(v). Let q = 3 + -7. Give d(q).
0
Let z(w) = -w**2 - 9*w. Suppose -22*o + 54 = -28*o. What is z(o)?
0
Let k(p) = p**2 - p + 4. Suppose c = x + 20, -3*c + 2*x = 3*x - 64. Let b be 19/(-7) + (-6)/c. Let n(f) = f - 1. Let z(q) = b*n(q) - k(q). What is z(-2)?
-1
Let c(v) = 4*v - 4. Let q(l) be the second derivative of 5*l**3/6 - 3*l**2/2 - 2*l. Let k(t) = 4*c(t) - 5*q(t). Calculate k(1).
-10
Let u(s) = -8*s**3 + s**2 + s. Let a be u(-1). Let i(p) = 2*p**2 - p - a*p**2 + 4 + p**3 + p. What is i(6)?
4
Let j(y) = 4 - 14 + 4 + y. Suppose -8 = -0*s + 4*s. Let o be 3/(1 + s - -2). What is j(o)?
-3
Suppose 5*s = -4*h - 10 - 6, s + 4 = 0. Let y = -2 - -4. Let d(o) = 4*o + 2 + y - 4. Determine d(h).
4
Let k = -8 - -11. Let w be ((k + 0)*1)/(-1). Let i(q) = 2*q - 3. Give i(w).
-9
Let d be (-8)/(-4) + (-16 - -7). Let y(h) = -h**3 - 8*h**2 - 8*h. Calculate y(d).
7
Let q(u) = -48*u - 129. Let t(m) = -3*m - 8. Let x(w) = 2*q(w) - 33*t(w). Let s = 6 - 9. Let z(n) = n**2 + 4*n - 1. Let v be z(s). What is x(v)?
-6
Let q(k) be the second derivative of -k + 0 + 1/20*k**5 - 1/2*k**3 + 1/3*k**4 + 1/2*k**2. Let s = -10 + 5. Give q(s).
-9
Let i(h) = h**2 - 3*h + 6. Let n be i(2). Let o(z) = z + 1. Calculate o(n).
5
Let h(r) = 182 - 87 - r - 89. Give h(0).
6
Let h be 5 + -3 - 6 - -2. Let v(p) = -3*p**3 + 5*p - 2*p + p**3 - 2*p - p**2. What is v(h)?
10
Let a = -5 - -3. Let c(i) = -i + 2. Let p be c(a). Let y(v) = 2*v + v**2 - 5 - 2*v**2 + 4. Calculate y(p).
-9
Let s(p) = p + 15 + 11 + 11 - 25. Determine s(-13).
-1
Let u(x) = x. Let a(d) = -5*d + 6. Let j(v) = a(v) + 6*u(v). Calculate j(-7).
-1
Let g(i) = -i**2 + 2*i - 4. Let w(j) = -j**2 + 3*j - 3. Let d(z) = -4*g(z) + 3*w(z). Suppose 20*m - 18*m = 0. What is d(m)?
7
Let x(z) = -z. Let f(n) = -n**3 + 9*n**2 - 7*n + 5. Let v be f(8). Suppose 5*o = 4*i + v, -5*i - 2 = 4*o + 4. Determine x(i).
2
Let z(y) be the first derivative of -y**2/2 + 2*y + 24. What is z(8)?
-6
Let h(u) = 3*u**2 + u + 1. Let b be h(-1). 